*2 + 2. What is the units digit of z(2)?
0
Suppose 9 + 226 = 3*r + 5*a, -2*a - 322 = -4*r. What is the units digit of r?
0
Suppose -2*s + s = -4*w + 6, -4*s + w = -6. What is the units digit of s?
2
Suppose -2*b = 2*b. Suppose -2*w - 5*j + 12 = b, 1 + 7 = 4*j. What is the units digit of w?
1
Let o = 99 + -23. What is the tens digit of o?
7
Let w(h) = -h**2 - 12*h + 3. Let t(v) = -v**2 - 11*v + 3. Let j(u) = -7*t(u) + 6*w(u). Suppose -3*c - 8 = 13. What is the tens digit of j(c)?
1
Let z(o) = 3*o - 4. Let y be z(3). Let b be 5/((-50)/4)*y. What is the units digit of 9 + (2 + b - 2)?
7
Let r(c) = -c**2 + 10*c + 3. Let f(p) = -p**3 + 7*p**2 - 7*p + 5. Let n be f(6). Let w be 10/((-2)/2*n). What is the units digit of r(w)?
3
Suppose 24 = l + 4*k, 4*l + 5*k + 13 = 76. Suppose -l*z - 80 = -14*z. What is the units digit of z?
0
Let l = 1 + 22. What is the tens digit of l?
2
Let r(t) be the third derivative of -t**4/24 + t**3 - 3*t**2. What is the tens digit of r(-9)?
1
Let f = 8 + -11. What is the units digit of 5*(-8)/(-20) - f?
5
Let f = -153 + 311. What is the hundreds digit of f?
1
Let t(u) = -6*u + 0 + u + u**2 - 5 + 0*u. What is the units digit of t(6)?
1
Suppose 3*r + 4*u - 496 = 0, -436 = -3*r - 5*u + 61. What is the tens digit of r?
6
Let g be (-1)/2*2 + 29. Suppose 5*a + 3 = g. What is the units digit of a?
5
Suppose -5*g + 2*b + 179 = 0, 7*b = -3*g + 2*b + 126. What is the tens digit of g?
3
Let u(k) = -6*k + 194. What is the tens digit of u(0)?
9
Suppose l = 6 + 8. Suppose 0 = g + g - l. What is the units digit of g?
7
Let d(v) = -5*v**3 - 17*v**2 - v - 3. Let f(q) = 14*q**3 + 50*q**2 + 3*q + 9. Let y(n) = -11*d(n) - 4*f(n). What is the units digit of y(-13)?
0
Suppose -3*x + 4*k = -0*k + 120, -3*k + 9 = 0. Let o = -15 - x. What is the tens digit of o?
2
Suppose -5*x - 4*b - 26 = 0, 4*b = 2*x + 3*b. Let w(m) = -8*m**2 + 7*m**2 + 4*m**2 + m + m**3. What is the units digit of w(x)?
2
Let h be -4 + (1 - 4 - -5). Let b = h + 2. Suppose z + 3*y = 26, -z + b*y + 11 = -2*y. What is the tens digit of z?
1
Suppose 5*d + 0*d - 170 = 0. What is the tens digit of d?
3
Suppose 0 = 4*z + 4*o - 192, 19 = -2*z + 5*o + 150. What is the tens digit of z?
5
Let g(r) = -r**2 - 8*r + 3. Let a(v) = -v + 12. Let y be a(7). Suppose 3*t - y*t = 16. What is the units digit of g(t)?
3
Let n = -13 - -34. Let m be 0*(n/(-6) - -3). Suppose 0*c + 4*c - 92 = m. What is the tens digit of c?
2
Suppose -9*n + 12*n = 3*p - 1224, -2*n = -4*p + 1632. What is the tens digit of p?
0
Suppose -3*u + 3228 = 9*u. What is the hundreds digit of u?
2
Let m(c) = -c**2 + 6*c + 9. Let u be m(7). Suppose u*w + 5 = -4*p + 17, 6 = w - 2*p. What is the units digit of w?
6
Suppose 0*s - 5*s = 0. Suppose s = a - 6*a + 5*f + 60, 2*a - 18 = -4*f. What is the units digit of a?
1
Suppose -2*n + 8 = 22. Let z = n + 35. What is the units digit of z?
8
Let y be 318/4*168/(-7). What is the units digit of (-3)/7 - y/42?
5
Let h(f) = -f**3 + 6*f**2 + 2*f - 1. Let i be h(7). Let o = 130 + -78. Let v = i + o. What is the units digit of v?
6
Let p(n) = 1 + 39*n**2 - 2*n + 4*n - 2. Let b be p(1). Suppose 0 = 4*c - 8, -3*u - 3*c = 2*c - b. What is the units digit of u?
0
Let i = 36 - 20. Let d = 51 - i. What is the tens digit of d?
3
Suppose 0 = -9*z + 4*z + 385. What is the units digit of z?
7
Let o = 3 + -1. Let m(k) = 1 - 3*k**2 - 4*k - k**o + 6*k**2. What is the units digit of m(3)?
7
What is the tens digit of (2 + -1 - (-1 + -1)) + 111?
1
Suppose -5*b = 25, 0 = l - 0*l + b + 5. Let a = l - -2. What is the units digit of a?
2
Let k be ((-2)/6)/(9/(-81)). Suppose -j + k*j = 2*i + 6, 3*i = -j + 11. Suppose l = i*b + 15, 2*l - 4*b - 13 = l. What is the units digit of l?
7
What is the hundreds digit of 4/(-6) + (-305)/(-3)?
1
Let g = 20 - 17. Suppose 13 = -g*i + 4*i. What is the units digit of i?
3
Let a(q) = -29*q + 2. What is the units digit of a(-6)?
6
Suppose m = 4*i + 194, 8*i - 9*i = -4*m + 716. What is the tens digit of m?
7
Let x be (-9)/((-9)/(-4)) + 8. Suppose w + 6 = 5*w + 3*j, -w - j = -1. Suppose -3 + x = -i, 38 = w*k + i. What is the tens digit of k?
1
Suppose 2*z - 4*z = 4*r, 0 = 3*z + 2*r. Let j(k) = -k**3 + k + 18. Let u be j(z). Suppose -3*p = -3*y - 0*y - u, -14 = -p - y. What is the tens digit of p?
1
Suppose -66 = -2*b - i, 0 = -b - 4*i + 3*i + 34. What is the tens digit of b?
3
Let n(d) = d + 15. What is the tens digit of n(8)?
2
Let k(o) = 0 + 0 + 3*o. Let v(h) = -h. Let s(w) = k(w) + v(w). What is the units digit of s(1)?
2
Let f(u) be the first derivative of -u**6/360 - u**5/20 - u**4/8 - u**3/3 - 1. Let j(s) be the third derivative of f(s). What is the units digit of j(-4)?
5
Let r = -92 - -95. What is the units digit of r?
3
Let x(d) = -3*d**2 + 3*d. Let l be x(2). Let y(g) = g + 6. Let o be y(l). Suppose -4*z + 123 = z - 4*j, o = 2*z - 2*j - 50. What is the tens digit of z?
2
Let d = -24 - -47. What is the units digit of d?
3
Let w(x) = 11*x + 6. What is the units digit of w(2)?
8
Let u(b) = 9*b**2 + b + 1. Let a be u(-1). Let v(g) = -g + 15. Let z be v(a). Suppose 3*f - z*f = -9. What is the units digit of f?
3
Suppose 4*b = 1180 - 248. What is the hundreds digit of b?
2
What is the units digit of 2*-2 + (-88)/(-4)?
8
Let n(r) = -5*r + 6. Suppose 0*p - 2*p - 20 = 0. What is the tens digit of n(p)?
5
Let u(v) = -4*v - 5. Let c be u(-2). Suppose -5*i + 17 = 7. Let g = c - i. What is the units digit of g?
1
Let h(m) = -38*m**3 - 2*m**2 + 1. Suppose 4*y - 5*y - 1 = 0. What is the tens digit of h(y)?
3
Suppose 3*f = 4*t + 9, -2 = -f - 2*t + 1. Let l(v) = 2*v**3 - 4*v**2 - 2*v**f + 3*v**3 - v - 1 - 4*v**3. What is the units digit of l(-4)?
3
Let g be 15/(-10)*(-4)/3. What is the tens digit of 7/((-4)/(-24)*g)?
2
Let t = -4 + 2. Let n(w) be the third derivative of w**6/120 + w**5/15 + w**4/6 + w**3/3 - 3*w**2. What is the units digit of n(t)?
2
Let v = -21 - -53. What is the tens digit of v?
3
Let o(z) = z + 1. Let x be o(3). Suppose x*c - 48 = 3*w, -w - 4 = -2*c + 20. What is the tens digit of c?
1
Suppose 4*i - 208 = 80. Suppose -i = 4*u - 8*u. What is the units digit of u?
8
Let f = -9 + 12. Let u = 0 + 1. Suppose c = -3*t + u, 2*t - 4 = f*t. What is the tens digit of c?
1
Let u = 246 + -102. What is the tens digit of u?
4
Suppose 4*w - 3 = 5. Suppose w*x = 17 - 3. Suppose 25 = x*l - 2*l. What is the units digit of l?
5
Suppose -y - 40 = -4*y + q, 50 = 3*y + 4*q. Let r = y + -6. What is the units digit of r?
8
Let s(h) = -2*h**3 - 4*h**2 - 4*h - 2. Let w be 4/(-10) - 13/5. Let g be s(w). Suppose -4*i + 3*o + 0*o + 4 = 0, -5*i - 2*o = -g. What is the units digit of i?
4
Let y be 4*(-2)/(-1 + -1). Suppose -3*b + y = -2. Suppose -d + 17 = 3*w, -w + 4 = 4*d + b. What is the units digit of w?
6
Let v(g) = -6*g**3 - 4*g**2 - 3*g. Let f be 1*-2*(2 - 1). What is the tens digit of v(f)?
3
Let b = -11 - -9. Let a(d) = -d**3 + 2*d**2 + 2*d + 3. What is the tens digit of a(b)?
1
Suppose 4*z + 2*y - 72 = 0, -3*z + 76 = -0*z - 4*y. Let c = z + -9. What is the tens digit of c?
1
Let g(l) = 6*l**2 - l - 1. Let x be g(-1). What is the units digit of (-18)/27 + 40/x?
6
Suppose 2*k - s - 51 = 4*s, -s - 31 = -2*k. What is the units digit of 6 + 0 + -11 + k?
8
Suppose u - 5*a + 0 = 12, -4*a - 9 = -u. What is the tens digit of u*(-1 + -2 - 3)?
1
Let f(n) be the third derivative of -n**4/24 - 7*n**3/6 - n**2. Let y be f(-3). What is the units digit of (-2 - y)*-1 + 4?
2
Suppose 2*g + 15 = 5*g. Suppose g*u - 111 = 4*n, -2*u - n + 15 = -u. What is the tens digit of u?
1
Suppose -2*w + 73 = -4*d - 1, 0 = -3*w - 2*d + 151. What is the tens digit of w?
4
Let z(b) = -b**2 + 13*b - 5. Let h be z(7). Suppose -2 = 2*a, l - h = -3*l - 3*a. What is the tens digit of l?
1
What is the tens digit of -1*(-45 + -2 - 0)?
4
Suppose 4*q - 6 = 6. Suppose -12 = -q*w - n + 7, -2*w + 26 = 4*n. Suppose -2*r - 60 = -5*z + 2*r, w*r + 17 = -z. What is the units digit of z?
8
What is the hundreds digit of (34/6)/((-22)/(-1122))?
2
Let j = 44 + -20. What is the tens digit of j?
2
Suppose -22 = -2*z + a + 2*a, -4*z + 44 = 2*a. Let x = 21 - z. What is the units digit of x?
0
Let x(l) be the second derivative of -l**5/20 - l**4/12 + l**3/6 + 7*l**2/2 + 2*l. Let p be -1 - 1/(-3 - -2). What is the units digit of x(p)?
7
Let t = 3 - 2. 